 Let m(c) = 5*p(c) + 4*x(c). List the prime factors of m(-22).
13, 47
Suppose 388*f = 329*f + 2171967. List the prime factors of f.
3, 7, 1753
Let u(a) = 159*a**2 - 18*a + 146. What are the prime factors of u(9)?
19, 677
Let k(z) = -7*z + 627. Let u(c) = 11*c - 1253. Let j(s) = -7*k(s) - 4*u(s). What are the prime factors of j(0)?
7, 89
Suppose -209*b - 405975 = -1686727. What are the prime factors of b?
2, 383
Let a = 6113 - 250. List the prime factors of a.
11, 13, 41
Let i(s) = 55*s**2 - 106*s + 1802. What are the prime factors of i(24)?
2, 31, 499
Let y(n) = -4*n + 77. Let w be y(24). Let q = -14 - w. Suppose -4*f - 978 = -9*f - 2*s, -954 = -q*f + 4*s. List the prime factors of f.
2, 97
Let v be (0 + 0)/((-32)/16). Suppose v = 71*z - 68*z - 777. What are the prime factors of z?
7, 37
Let z be (31/(-4))/((-60)/(-480)). Let t(w) = 41*w**2 + w - 2. Let m be t(2). Let p = z + m. List the prime factors of p.
2, 3, 17
Let h(m) = -7*m - 62. Let u be h(-28). Suppose k = -3 - u. Let f = 302 + k. What are the prime factors of f?
3, 5, 11
Suppose 316*a = 308*a + 93976. What are the prime factors of a?
17, 691
Suppose 5*y = -p + 4800 + 310, -3*y = p - 3066. What are the prime factors of y?
2, 7, 73
Suppose -3714459 = -374*l + 604119. What are the prime factors of l?
3, 1283
Suppose -18 + 25 = -l. Let g(m) be the second derivative of -3*m**3/2 + 3*m**2 + 15*m. What are the prime factors of g(l)?
3, 23
Let y(l) = -9*l - 1. Let p be y(-1). Let j(m) = m**2 + 7*m + 22. What are the prime factors of j(p)?
2, 71
Let w(v) = 7*v**3 + 3*v**2 - 26*v - 65. Let l(r) = r**3. Let y(j) = 2*l(j) - w(j). List the prime factors of y(-7).
1451
Suppose -w + 3*u + 14879 = 0, 4*w + u - 5757 = 53863. What are the prime factors of w?
7, 2129
Let q(g) = g**2 - 113. Let z be q(0). Let y = 894 + -947. Let j = y - z. What are the prime factors of j?
2, 3, 5
Let v = -418 - -423. Suppose -f - 46 = 2*j - 132, v*f + j = 394. List the prime factors of f.
2, 3, 13
List the prime factors of 45/120 + (2/(-1))/(128/(-1160040)).
2, 3, 19, 53
Let l(w) be the second derivative of 28*w**3/3 - 51*w**2/2 - w + 6. What are the prime factors of l(4)?
173
Suppose 7*a = 12*a + z - 5, 0 = 2*a - 2*z - 14. Suppose -5*v - 1511 = -4*j, 4*j = -0*v - a*v + 1490. List the prime factors of j.
2, 11, 17
Suppose 19 = 9*m - 8*m + 4*g, -2*g + 2 = -2*m. Let c(w) = 73*w**2 + 14*w - 35. What are the prime factors of c(m)?
2, 83
Let c(m) = 15*m - 51. Let g(n) = 11*n**2 + 5. Let q(a) = 7*a**2 + 3. Let s(r) = -5*g(r) + 8*q(r). Let w(k) = -c(k) + s(k). What are the prime factors of w(20)?
2, 3, 5
Let l be (-55)/50 - (-2)/20. What are the prime factors of -2 + (-849)/l - (5 + 0)?
2, 421
Let g = 186 - 179. Suppose -652 = -g*l + 2274. What are the prime factors of l?
2, 11, 19
Let o(p) = 51*p + 1575. What are the prime factors of o(85)?
2, 3, 5, 197
Suppose 4*r + 56644 = 5*v - 0*r, -11324 = -v + 2*r. What are the prime factors of v?
2, 2833
Suppose 0 = 2*x + l + 211, 5*l + 389 = -5*x - 136. Suppose -18*w = 3*s - 20*w - 501, -3*s - 3*w + 516 = 0. Let i = s + x. What are the prime factors of i?
3, 7
What are the prime factors of (-4)/((-27)/(148284/8))?
2, 1373
Let s = -318 + 314. List the prime factors of (0 - -1)/(-10*s/20920).
523
Let y = 82 + -82. Suppose x + 1036 = m, 3*x - 2 + 5 = y. List the prime factors of m.
3, 5, 23
List the prime factors of -2 - 57352/(-24) - (-7)/((-21)/2).
7, 11, 31
Let w = -11 + -24. Let s = -81 + 168. Let x = w + s. List the prime factors of x.
2, 13
Let c(l) = 116*l**2 + 5*l + 17. List the prime factors of c(-2).
3, 157
What are the prime factors of (9 - 8)/(7/(-4)*8/(-105812))?
2, 3779
List the prime factors of -2 - (-694325)/9 - (-22)/(-99).
3, 5, 37, 139
Suppose 186 = 31*j, -2*j - 38005 - 75338 = -3*p. What are the prime factors of p?
3, 5, 11, 229
Let i be 84 + -101 + -4*(-3)/2. Suppose 2*x + 290 = -2*c, -5*c - 443 = -2*c + 5*x. Let f = i - c. What are the prime factors of f?
2, 5, 13
Let h = 166 - 166. Suppose 4*r - 4*k - 476 = h, 0 = -3*r + 4*k + 87 + 265. List the prime factors of r.
2, 31
Let k(n) = 38*n**3 - 2*n**2 - 6*n + 85. What are the prime factors of k(5)?
3, 5, 317
Let t(s) = 4*s**2 - 98*s + 4. Let o be t(14). Let a = 788 + o. What are the prime factors of a?
2, 3, 17
Suppose 8 = -3*n - i - 6, -4*n + 3*i - 10 = 0. Let q be -1 - (-98)/6 - n/(-3). Suppose -11*b + q*b = 786. List the prime factors of b.
2, 131
What are the prime factors of (143/11 + 27503)/3?
2, 2293
Let a(n) = 73*n**2 - 472*n - 12. List the prime factors of a(-11).
3, 173
Suppose 12*h - 7 = 41. Suppose m - h = 0, p - 2*m - 2*m - 489 = 0. List the prime factors of p.
5, 101
Suppose -4*p + 2 = -14. Let g = -260 - -462. Suppose 82 + g = p*u. What are the prime factors of u?
71
Let j(w) = -5*w**3 + w**2 + 2*w + 16. Let k be j(-8). Let v = k - 1084. List the prime factors of v.
2, 5, 7, 11
Let u(b) be the first derivative of 25*b**3/3 + 19*b**2/2 - 2*b - 312. What are the prime factors of u(-6)?
2, 7
Let u be (-16)/12*(-18)/8. Let x(k) = u*k - 7*k - k - 3. What are the prime factors of x(-16)?
7, 11
Suppose m - 133*h = -131*h + 9490, 3*m + 5*h = 28415. What are the prime factors of m?
2, 3, 5, 79
Suppose 2*c = -c + 156. Let n = 126 - c. Suppose 71*f - n*f = -420. List the prime factors of f.
2, 5, 7
Let t(d) = -122*d + 7651. List the prime factors of t(-102).
5, 4019
Suppose 5*s - 138*x - 218464 = -139*x, 0 = -s + 2*x + 43684. List the prime factors of s.
2, 3, 11, 331
Let s(a) = 5*a**2 + 4*a + 34. Let o = -268 + 279. What are the prime factors of s(o)?
683
Let z(n) = -146*n + 15. Let w be z(-4). Let j be (-11)/(-44) - (w/(-4) - 2). Suppose 0*d + 2*f - 76 = -2*d, -j = -4*d - 3*f. What are the prime factors of d?
2, 19
Suppose 6447 = -4*y - 8029. Let q = -2075 - y. List the prime factors of q.
2, 193
List the prime factors of (-48940)/(-9) + -1 + ((-12361)/(-423) - 29).
5437
Let v(j) = 8*j**2. Let n be v(-1). Let l be (-4)/62 - (-183060)/558. Suppose 0 = 5*d + u - l, -u + n = -5*u. List the prime factors of d.
2, 3, 11
Suppose -d - 41*b + 45*b = -1487, -10 = 2*b. List the prime factors of d.
3, 163
Let r(y) = -3335*y + 6. Let p(t) = -5004*t + 8. Let i(l) = -5*p(l) + 7*r(l). List the prime factors of i(1).
3, 13, 43
Suppose -5*s + 9 = -11, 5*v + 4*s = -2689. Let i = 1884 + v. What are the prime factors of i?
17, 79
Suppose 0 = -27*w + 18*w. List the prime factors of (-1155)/154*(6/(-5) - w).
3
Let p(b) = -b**3 - 5*b**2 + 7*b + 10. Let f be p(-6). Suppose g + 52 = -4*c, 9*c + 5*g + 50 = f*c. List the prime factors of c/(-91) - 3504/(-39).
2, 3, 5
Suppose -j + 0*j = -5*v - 29, -4*v - 36 = -4*j. What are the prime factors of 28295/30 - j/24?
23, 41
Let a = 14 + -9. Let n be 3 + a/(-5) - 0. Suppose n*l = 187 - 29. List the prime factors of l.
79
What are the prime factors of 66154/8 - (-10 - 328/(-32))?
8269
Let k be ((-2)/(-4))/((-10)/(-123480)). Suppose -4826 = -20*z + k. What are the prime factors of z?
2, 5, 11
Suppose -x = 3*y - 4*x - 45, 45 = 3*y - x. Suppose -y*c - c + 18960 = 0. What are the prime factors of c?
3, 5, 79
Suppose 5*f = -3*c + 2080, -3*f + 559 + 688 = 2*c. Suppose 28*k + f = 29*k. What are the prime factors of k?
419
Suppose 2*t - 3*l = 5299, -37*t - 3*l - 10613 = -41*t. What are the prime factors of t?
2657
Suppose 169 = -2*k + 61. Let t = k - -569. What are the prime factors of t?
5, 103
Let b be (-3)/(4/4)*-2. Suppose -b*m + 36*m = 20790. List the prime factors of m.
3, 7, 11
What are the prime factors of ((-235750)/(-615))/(-1*(-4)/18)?
3, 5, 23
Suppose -8*s + 8 = -8. Suppose 276 = 5*g + a, 2*a = -s*g - 2*a + 96. List the prime factors of ((-21)/14)/((-6)/g).
2, 7
Suppose -52*f + 4344077 = 72*f + 1494557. What are the prime factors of f?
2, 3, 5, 383
Let m(u) = 10*u**2 - 38*u - 5. Let q be m(4). Suppose -12*b + 7*b = 2*y - 2948, -q*y + 4403 = -2*b. List the prime factors of y.
13, 113
What are the prime factors of (-4776)/(-2189)*(-31306)/(-4)?
2, 3, 1423
Suppose -139*i = 130*i + 312*i - 26997327. What are the prime factors of i?
3, 1721
Let x(z) = -5*z**2 - 21*z - 4. Let f be x(19). Let r = -1223 - f. What are the prime factors of r?
5, 197
What are the prime factors of (-46*(-210)/5635)/(1 + (-29741)/29743)?
2, 3, 7, 607
Let n be ((258776 - -2) + 2)*4/10. Suppose 41*l + 16*l = n. List th